be the third derivative of -15*b**4/8 + 24*b**3 - 46*b**2 - 2*b. List the prime factors of o(-9).
3, 61
Let j(r) = -13*r - 20. Let m(d) = 27*d + 36. Let k(v) = 5*j(v) + 2*m(v). Let y be 2/4 + (-42)/4. List the prime factors of k(y).
2, 41
Suppose -1 = x - 2*p, 11*p - 10*p = -5*x + 17. Suppose -x*j + 5*j = y - 1210, -4*j = -y + 1204. List the prime factors of y.
2, 19
Suppose 0 = -3*m - k + 1147 + 29098, -2*m + 3*k = -20145. List the prime factors of m.
2, 3, 5, 7
Suppose -5*u + 3*g = -33564, -94*u + 89*u = -5*g - 33570. What are the prime factors of u?
3, 2237
Let a(h) = -221*h + 56. Let q be a(-4). Suppose 2*g = 4*j + 2298, 4*g + q - 5531 = 3*j. List the prime factors of g.
31, 37
Let p(f) = -32*f + 55. Suppose 9 = w + 3*c - 0*c, -2*c + 1 = -w. Let x(u) = 31*u - 54. Let l(y) = w*x(y) + 2*p(y). What are the prime factors of l(10)?
2, 7, 17
Suppose 0 = -102*d + 153*d - 20706. What are the prime factors of d?
2, 7, 29
Let s(k) = 50*k**2 + 2. Let b = -75 + 79. Suppose 4 = -3*d - r - 5, 5*d + 22 = -b*r. List the prime factors of s(d).
2, 101
Let b(i) = 0*i**2 + 598 - 186 + 11*i**2. List the prime factors of b(0).
2, 103
Let p = -105 - -73. Let f = p - -140. Suppose -6 + 4 = l, 2*u = -2*l + f. List the prime factors of u.
2, 7
Let i be 1*3/(-1) - 480/15. Let h = i - -38. Suppose 0 = -5*u + h*s + 495, 4*u - 3*s - 21 = 378. What are the prime factors of u?
2, 3
List the prime factors of (522/8)/(59/27140).
3, 5, 23, 29
Suppose 320*i - 26848 = 318*i + 2270. What are the prime factors of i?
3, 23, 211
Let r = -17689 + 20214. What are the prime factors of r?
5, 101
Let r(l) = 11*l + 14. Let q be r(6). Let d(s) = -s**2 - 29*s - 133. Let a be d(-6). Let p = q - a. List the prime factors of p.
3, 5
Let n = -14436 + 30668. What are the prime factors of n?
2, 2029
List the prime factors of 3/(-4) + (-10 - (-1553240)/32).
2, 3, 337
Suppose 50222 = 48*j + 190862. Let i = -1943 - j. List the prime factors of i.
3, 7, 47
Let m = 14512 + -10045. List the prime factors of m.
3, 1489
List the prime factors of (4056 + 2)*(-3)/1*(-5)/3.
2, 5, 2029
Let z(k) = -4*k**2 + 38*k - 40. Let f be z(20). Let y = f - -1638. What are the prime factors of y?
2, 379
Suppose -4*g = 13*g - 85. Suppose 3 = g*d - 7, -k + 3*d = -53. List the prime factors of k.
59
Suppose 106156 = 4*z + 3*f, -2*f = z - 37288 + 10744. What are the prime factors of z?
2, 31, 107
Let c be (-550 + -4)*(-2)/(8/6). Let o be (-63)/42 - c/(-2). What are the prime factors of (2/6)/(2/o)?
3, 23
Let o = 7982 + -4378. What are the prime factors of o?
2, 17, 53
Let k be (3 - 1)/(5*4/950). Let d = 99 - k. Suppose -d*c - 254 = -f - 57, 737 = 4*f + c. List the prime factors of f.
5, 37
Let o = 54 + 6. Let s(r) = -r**3 - 7*r**2 - 5*r + 8. Let y be s(-6). Suppose o = y*t - 64. What are the prime factors of t?
2, 31
Suppose 3*k - z = 4*k - 250, 3*z = -5*k + 1258. Let m be (12/(-5))/(1/65). Let l = m + k. List the prime factors of l.
2, 7
Let r(m) = 4*m**3 - 12*m**2 + 2*m - 4. Suppose -5*b + 2*x = -31, 3*x - 13 = -4*b - 2. List the prime factors of r(b).
2, 103
Let j(i) = i**2 + 4*i - 1. Let o be j(1). Suppose -2*n + n + 5*f - 40 = 0, 5*n - o*f = -158. Let y = n - -68. What are the prime factors of y?
2, 19
Suppose -4*j + 5*i = 1, 23 - 43 = -4*i. What are the prime factors of (-2211)/9*(3 - j)?
11, 67
Let q be (6 - -2075) + 8 + 7. Suppose -14*z + 19*z + l = q, 4*z - 5*l = 1671. List the prime factors of z.
419
Suppose 5*m + 29 - 44 = 0. Suppose -m*o + 110 = -5*u - 643, 0 = 3*o - 3*u - 753. What are the prime factors of o?
251
Suppose -u + 2*v + 4283 = 0, -5*u + 31*v = 33*v - 21355. List the prime factors of u.
4273
Let x = 575 + -354. Let t = -79 - 9. Let b = t + x. What are the prime factors of b?
7, 19
Let b be 1/((-2)/18) - (-12 + 9). Let p = b - -10. Suppose 3*z = -5*m + 348, z - 272 = -p*m - 3*z. List the prime factors of m.
2, 3
Let b(p) = -p + 7. Let n be b(5). Suppose j + 64 = n*j. Let c = j - 33. What are the prime factors of c?
31
Suppose -5*m + 16*m - 49600 = 7*m. What are the prime factors of m?
2, 5, 31
Let y = -5195 + 9585. List the prime factors of y.
2, 5, 439
What are the prime factors of 637365/18 - 5/30?
3, 11, 29, 37
Suppose 76*w - 42*w - 32*w - 118974 = 0. List the prime factors of w.
3, 79, 251
Let o(r) = 6 - 31 + 2 - r**2 + 18*r - 16. Let y be o(19). Let f = y - -187. What are the prime factors of f?
3, 43
Let q be (-6)/((-18)/15)*-41. Let k = -32 - q. List the prime factors of k.
173
Let r = -36 - -40. Suppose r*l = -21 + 5. What are the prime factors of 63 - (1 + 16/l)?
2, 3, 11
Suppose 0 = -106*x + 111*x + 2*k - 78335, 0 = -3*x - 2*k + 47001. What are the prime factors of x?
15667
Suppose -909388 = 26*f - 109*f + 141558. List the prime factors of f.
2, 13, 487
Let i be 221 + -1 + (-3 + -2)/5. Suppose -9*r = -6*r - i. Suppose -2*k = -r - 15. List the prime factors of k.
2, 11
Let j = -27 - -85. Let f = 197 - j. List the prime factors of f.
139
Suppose x - 254 = -h, -x - h + 254 = h. Let r = x + -152. Suppose -6*t + r = -3*t. What are the prime factors of t?
2, 17
Suppose 26790 = 2*m - 19026. List the prime factors of m.
2, 3, 23, 83
Suppose 8*w - 7*w - 3*a = 6411, 3*w - 2*a = 19212. List the prime factors of w.
2, 3, 11, 97
Let r(m) = -12*m + 929. Let p(u) = 30*u - 2322. Let q(l) = -5*p(l) - 12*r(l). What are the prime factors of q(0)?
2, 3, 7, 11
Let v = 16001 + -15198. What are the prime factors of v?
11, 73
Let g be 1 - (-1352 - (7 + -7)). List the prime factors of (g/(-66))/((-1)/30).
3, 5, 41
Suppose -3*s - 5*i + 43 = 0, -7 = -s - 4*i + 19. Suppose 2*j - s*j = -16. Suppose -j*h + 13 - 5 = 0, 3*c - 4*h - 244 = 0. What are the prime factors of c?
2, 3, 7
List the prime factors of 8 + 11 + -1 + 6533.
6551
Let x(f) = -1191*f + 7270. What are the prime factors of x(-23)?
17, 2039
Let s be -348*((-55)/60 + (-2)/6). Let d = s + -246. Let a = d + -133. What are the prime factors of a?
2, 7
Let d = 11 - 14. Let h be 2/(d*(-2)/9). Suppose 0 = 2*y - 6, -73 + 22 = -h*f - 4*y. What are the prime factors of f?
13
Let c = 166 - 101. Let k be (-8)/2 + 2 + (-1 - 0 - -26). Let v = c - k. What are the prime factors of v?
2, 3, 7
Let w = 16972 + -9100. List the prime factors of w.
2, 3, 41
Suppose -4*p = -5*s - 50, -3*p + 2*s + 5 + 36 = 0. Suppose -17*d + 802 = -p*d. List the prime factors of d.
401
Suppose -2*a - 4*d - 22 = 0, -2*a = 3*d + 15 + 5. Let z(f) = f**2 + 4*f + 5. Let v be z(a). Suppose 2*w - v - 8 = 0. What are the prime factors of w?
17
Suppose 3*l - 20 = -l. Let k be l + -4 + 0 - 3. List the prime factors of k/5 - (4 + 2910/(-25)).
2, 7
Suppose 0 = -5*h, -7601 = -r - 5*h + 15830. What are the prime factors of r?
23431
Suppose -3*c + 14*c = 0. Suppose 480 = 3*b - 3*d, -631 = -4*b - 5*d - c*d. What are the prime factors of b?
3, 53
Let c(b) = 369*b**2 + 2*b. List the prime factors of c(1).
7, 53
Suppose -743*q + 745*q = -4*o + 45028, 4*q = o + 90056. List the prime factors of q.
2, 11257
Let z be 3/(-8) + 16998/16. Suppose -5*b + 1553 = -z. What are the prime factors of b?
523
Suppose 0 = -30*q + 24*q - 138. Let s(t) = t**3 + 26*t**2 + 54*t - 43. What are the prime factors of s(q)?
2, 151
Suppose 0 = -4*q + 4*t - 24, -26 = 2*q + 3*q - 3*t. List the prime factors of (-4 + 188)/(1*(-1)/q).
2, 23
Suppose -2*k + 135*o - 370 = 131*o, 0 = 5*k + o + 980. What are the prime factors of (180882/k)/(9/(-15))?
2, 773
Suppose -17 = -5*o - 377. Let j = o - -74. Suppose 57 = j*b + b. List the prime factors of b.
19
Let u be -102 + 5 + (2 - 1). Let x = u + 98. List the prime factors of 81 + 16/(2 + x).
5, 17
Suppose -2*q + 6*q + 4*r - 5184 = 0, -4*r + 1302 = q. Suppose -2856 + 1108 = -4*d - 3*o, 0 = 3*d - 2*o - q. What are the prime factors of d?
2, 7, 31
Let m(x) = -2*x - 13. Let a be m(-10). Let f(n) = n**3 - 6*n**2 - 4*n - 3. Let o be f(a). What are the prime factors of 4/o + (-754)/(-9)?
2, 3, 7
Let f(o) = -21*o + 80. Let h(l) = -14*l + 53. Let s(x) = 5*f(x) - 7*h(x). Let w be s(-8). Suppose w*k - 730 = 80*k. List the prime factors of k.
2, 73
What are the prime factors of (8 + (-738)/(-45))*205/(-2)*-6?
2, 3, 41, 61
Let o be (56/(-35))/(2/175). Let k = 964 + o. List the prime factors of k.
2, 103
Let r = 3331 - 2633. List the prime factors of r.
2, 349
Let k(n) = 11*n + 89. Let t be k(-8). Let a(u) = 374*u